{"id":557,"date":"2011-02-04T20:50:37","date_gmt":"2011-02-04T20:50:37","guid":{"rendered":"http:\/\/fabiovillela.com.br\/blogautoral\/?page_id=557"},"modified":"2011-02-04T20:55:40","modified_gmt":"2011-02-04T20:55:40","slug":"flickr","status":"publish","type":"page","link":"http:\/\/fabiovillela.com.br\/blogautoral\/flickr\/","title":{"rendered":"Flickr"},"content":{"rendered":"<p>Aqui voc\u00ea encontra algumas fotos aleat\u00f3rias de passeios, viagens, cotidiano. S\u00f3 clicar na foto abaixo que ser\u00e1 direcionado ao meu Flickr. Espero que goste. Um Abra\u00e7o<\/p>\n<div class=\"mceTemp mceIEcenter\"><a href=\"http:\/\/www.flickr.com\/fabiovillela\" target=\"_blank\"><img loading=\"lazy\" decoding=\"async\" class=\"size-full wp-image-561 alignleft\" src=\"http:\/\/fabiovillela.com.br\/blogautoral\/wp-content\/uploads\/2011\/02\/flickr1.jpg\" alt=\"\" width=\"705\" height=\"417\" srcset=\"http:\/\/fabiovillela.com.br\/blogautoral\/wp-content\/uploads\/2011\/02\/flickr1.jpg 1258w, http:\/\/fabiovillela.com.br\/blogautoral\/wp-content\/uploads\/2011\/02\/flickr1-300x177.jpg 300w, http:\/\/fabiovillela.com.br\/blogautoral\/wp-content\/uploads\/2011\/02\/flickr1-1024x605.jpg 1024w\" sizes=\"auto, (max-width: 705px) 100vw, 705px\" \/><\/a><\/div>\n","protected":false},"excerpt":{"rendered":"<p>Aqui voc\u00ea encontra algumas fotos aleat\u00f3rias de passeios, viagens, cotidiano. S\u00f3 clicar na foto abaixo que ser\u00e1 direcionado ao meu Flickr. Espero que goste. Um Abra\u00e7o<\/p>\n","protected":false},"author":1,"featured_media":0,"parent":0,"menu_order":0,"comment_status":"open","ping_status":"open","template":"","meta":{"footnotes":""},"class_list":["post-557","page","type-page","status-publish","hentry"],"_links":{"self":[{"href":"http:\/\/fabiovillela.com.br\/blogautoral\/wp-json\/wp\/v2\/pages\/557","targetHints":{"allow":["GET"]}}],"collection":[{"href":"http:\/\/fabiovillela.com.br\/blogautoral\/wp-json\/wp\/v2\/pages"}],"about":[{"href":"http:\/\/fabiovillela.com.br\/blogautoral\/wp-json\/wp\/v2\/types\/page"}],"author":[{"embeddable":true,"href":"http:\/\/fabiovillela.com.br\/blogautoral\/wp-json\/wp\/v2\/users\/1"}],"replies":[{"embeddable":true,"href":"http:\/\/fabiovillela.com.br\/blogautoral\/wp-json\/wp\/v2\/comments?post=557"}],"version-history":[{"count":4,"href":"http:\/\/fabiovillela.com.br\/blogautoral\/wp-json\/wp\/v2\/pages\/557\/revisions"}],"predecessor-version":[{"id":563,"href":"http:\/\/fabiovillela.com.br\/blogautoral\/wp-json\/wp\/v2\/pages\/557\/revisions\/563"}],"wp:attachment":[{"href":"http:\/\/fabiovillela.com.br\/blogautoral\/wp-json\/wp\/v2\/media?parent=557"}],"curies":[{"name":"wp","href":"https:\/\/api.w.org\/{rel}","templated":true}]}}