{"id":19,"date":"2010-10-21T14:23:24","date_gmt":"2010-10-21T14:23:24","guid":{"rendered":"http:\/\/fabiovillela.com.br\/viagens\/?page_id=19"},"modified":"2020-08-20T20:24:38","modified_gmt":"2020-08-20T20:24:38","slug":"portfolio","status":"publish","type":"page","link":"http:\/\/fabiovillela.com.br\/blogautoral\/portfolio\/","title":{"rendered":"Portf\u00f3lio"},"content":{"rendered":"<p>Aqui voc\u00ea encontrar\u00e1 um pouco do meu trabalho com Profissional na \u00c1rea. Sess\u00f5es de fotos cuidadosamente escolhidas nas mais diversas \u00e1reas da Fotografia Profissional.<\/p>\n<p>Clique na foto abaixo para ser direcionado \u00e0 minha Galeria de Fotos.<\/p>\n<p><a href=\"http:\/\/fabiovillela.com.br\/galeria\" target=\"_blank\" rel=\"noopener noreferrer\" data-wplink-edit=\"true\"><img loading=\"lazy\" decoding=\"async\" class=\"alignnone\" src=\"http:\/\/fabiovillela.com.br\/blog\/wp-content\/uploads\/2010\/10\/galeria_blog.jpg\" alt=\"\" width=\"480\" height=\"384\" \/><\/a><\/p>\n<p style=\"text-align: left;\">Um abra\u00e7o e obrigado pela sua visita.<\/p>\n","protected":false},"excerpt":{"rendered":"<p>Aqui voc\u00ea encontrar\u00e1 um pouco do meu trabalho com Profissional na \u00c1rea. Sess\u00f5es de fotos cuidadosamente escolhidas nas mais diversas \u00e1reas da Fotografia Profissional. Clique na foto abaixo para ser direcionado \u00e0 minha Galeria de Fotos. Um abra\u00e7o e obrigado pela sua visita.<\/p>\n","protected":false},"author":1,"featured_media":0,"parent":0,"menu_order":0,"comment_status":"open","ping_status":"open","template":"","meta":{"footnotes":""},"class_list":["post-19","page","type-page","status-publish","hentry"],"_links":{"self":[{"href":"http:\/\/fabiovillela.com.br\/blogautoral\/wp-json\/wp\/v2\/pages\/19","targetHints":{"allow":["GET"]}}],"collection":[{"href":"http:\/\/fabiovillela.com.br\/blogautoral\/wp-json\/wp\/v2\/pages"}],"about":[{"href":"http:\/\/fabiovillela.com.br\/blogautoral\/wp-json\/wp\/v2\/types\/page"}],"author":[{"embeddable":true,"href":"http:\/\/fabiovillela.com.br\/blogautoral\/wp-json\/wp\/v2\/users\/1"}],"replies":[{"embeddable":true,"href":"http:\/\/fabiovillela.com.br\/blogautoral\/wp-json\/wp\/v2\/comments?post=19"}],"version-history":[{"count":2,"href":"http:\/\/fabiovillela.com.br\/blogautoral\/wp-json\/wp\/v2\/pages\/19\/revisions"}],"predecessor-version":[{"id":1832,"href":"http:\/\/fabiovillela.com.br\/blogautoral\/wp-json\/wp\/v2\/pages\/19\/revisions\/1832"}],"wp:attachment":[{"href":"http:\/\/fabiovillela.com.br\/blogautoral\/wp-json\/wp\/v2\/media?parent=19"}],"curies":[{"name":"wp","href":"https:\/\/api.w.org\/{rel}","templated":true}]}}

Portfólio

<p>Aqui você encontrará um pouco do meu trabalho com Profissional na Área. Sessões de fotos cuidadosamente escolhidas nas mais diversas áreas da Fotografia Profissional.</p>
<p>Clique na foto abaixo para ser direcionado à minha Galeria de Fotos.</p>
<p><a href="http://fabiovillela.com.br/galeria" target="_blank" rel="noopener noreferrer" data-wplink-edit="true"><img loading="lazy" decoding="async" class="alignnone" src="http://fabiovillela.com.br/blog/wp-content/uploads/2010/10/galeria_blog.jpg" alt="" width="480" height="384" /></a></p>
<p style="text-align: left;">Um abraço e obrigado pela sua visita.</p>

<p>Aqui você encontrará um pouco do meu trabalho com Profissional na Área. Sessões de fotos cuidadosamente escolhidas nas mais diversas áreas da Fotografia Profissional. Clique na foto abaixo para ser direcionado à minha Galeria de Fotos. Um abraço e obrigado pela sua visita.</p>
